 -2. What are the prime factors of (-2)/i - (-186)/4?
47
Let u(m) = -m**3 + 14*m**2 - 33*m + 37. Let o(j) = -j**3 + 15*j**2 - 33*j + 35. Let b(k) = 2*o(k) - 3*u(k). What are the prime factors of b(9)?
13
Let t(l) = 6*l**3 - l**2 + 6*l. Let z be t(3). Let j = 189 - z. What are the prime factors of j?
2, 3
Let k(v) = 74*v + 4728. What are the prime factors of k(88)?
2, 5, 281
Suppose -274 = 6*v + 98. Let u = v + 87. Let t = 38 - u. What are the prime factors of t?
13
Let y(l) = l**2 - 5*l - 4. Let z be y(6). Suppose 9*f = -z*f + 726. Let h = f + -28. List the prime factors of h.
2, 19
Suppose r - 4 = 0, -33689 = -3*i + 30*r - 26*r. What are the prime factors of i?
3, 5, 7, 107
Suppose 3*d - 55244 = 4*p, 91916 = 5*d + 233*p - 220*p. What are the prime factors of d?
2, 43, 107
Suppose 3*r + r = 3*h - 52, -2*h + 4*r + 28 = 0. Suppose -z - 2 = 5*a - 23, z = -4*a + h. Suppose 0 = -41*i + z*i + 350. What are the prime factors of i?
2, 5, 7
Let n(t) = 620*t - 557. What are the prime factors of n(11)?
6263
Let b(s) = 37*s**3 + 9*s**2 - 21*s + 15. Let z be b(9). Let v be 1/2 - z/(-48). Let d = -404 + v. List the prime factors of d.
2, 5, 17
Let a(q) = -40*q + 4. Let u(r) = r. Let k(n) = -63*n + 9. Let i(c) = k(c) - 18*u(c). Let g(y) = 14*a(y) - 6*i(y). What are the prime factors of g(-1)?
2, 19
Let v(m) = -2*m - 82. Let s be v(-25). Let b = s + 352. What are the prime factors of b?
2, 5
Let j(k) = 6*k**2 + 28*k - 7. Let x be j(-5). Suppose 0 = x*g - l - 308 - 1054, 0 = -2*g + 4*l + 898. List the prime factors of g.
5, 7, 13
Suppose 0 = y + v - 125, -3*y + 3*v + 323 = -82. List the prime factors of 716 - (1/13 - (-250)/y).
2, 3, 7, 17
Suppose 0 = -2*n + v + 187845, -28*n + 2*v = -23*n - 469617. What are the prime factors of n?
3, 131, 239
What are the prime factors of (-37460)/12*(-27)/15?
3, 1873
Let u(w) be the third derivative of 0*w - 15*w**2 - 4/3*w**3 - 1/60*w**5 + 0 + 3/8*w**4. What are the prime factors of u(4)?
2, 3
Let k(u) = 2*u**3 + 77*u**2 + 35*u - 29. What are the prime factors of k(-19)?
5, 2677
Let z = 253 - 263. List the prime factors of (-2709)/(-15) - z/25.
181
Let q(l) be the second derivative of -177*l**5/20 + l**3/6 - l**2/2 + 9*l. Let g be q(1). List the prime factors of (-12)/18 + g/(-9).
19
Let y(d) = -d**2 + 12*d - 32. Let p be y(12). Let w(c) = -6*c**2 - c - 2. Let h be w(3). Let j = p - h. What are the prime factors of j?
3
Let h = -202 - -126. Let c = h + 61. Let x = 33 - c. What are the prime factors of x?
2, 3
What are the prime factors of (-15*24/(-9))/((6/(-215))/(-3))?
2, 5, 43
Let v(g) = 13*g**3 - 18*g**2 + 517*g - 39. List the prime factors of v(13).
13, 2477
Let s be 148/5 + 24/(-40). Suppose -x + 38790 = s*x. List the prime factors of x.
3, 431
Suppose 250*o - 244*o = 144. List the prime factors of (531 - -1) + (-72)/o.
23
Let m(t) = t**2 - 9*t + 14. Let a(j) = 2*j**2 - 13*j. Let k be a(7). Let x be m(k). Suppose 0 = -10*p - x*p + 400. List the prime factors of p.
2, 5
Let t(h) = 3*h**2 - 4*h - 9. Suppose -12*s + 28 = -8*s. What are the prime factors of t(s)?
2, 5, 11
List the prime factors of (-138)/299 + (-551706)/(-26) + -3.
2, 3, 13, 17
Let c(o) = -5*o + 41. Let g be (-7)/((-77)/240) - (-4)/22. Let z = g - 30. List the prime factors of c(z).
3
Suppose -74*l + 1742007 = -10017. List the prime factors of l.
2, 3, 1973
Suppose -2*o = 4*o - 1152. Suppose 0 = 9*f + o - 804. List the prime factors of f.
2, 17
Suppose 0 = -4*x + 4*z + 32, -13 = 4*z + 3. Suppose 599 = -2*w + 6*w - 3*l, -l = -x*w + 597. List the prime factors of w.
149
Let x = 567 + -955. What are the prime factors of x/(-2) + -5 + 6?
3, 5, 13
Let w(s) = -3 + s**2 + 4 + 4*s - 4*s**3 - s**3. Let z(i) = -i**3 - 5*i**2 + 10*i + 48. Let n be z(-5). What are the prime factors of w(n)?
37
Let z = 4993 - -2366. What are the prime factors of z?
3, 11, 223
Let c(d) = -29 + 5 - 757*d + 795*d. What are the prime factors of c(2)?
2, 13
Let w = 10922 + -2955. What are the prime factors of w?
31, 257
Let i be (-2916)/10 + 24/(-60). Let r = -110 - i. List the prime factors of r.
2, 7, 13
Suppose -4*b + 3*b = 3. Let f be (2/b)/(4/48) + 1. What are the prime factors of f/(21/(-102))*2?
2, 17
Let b(h) = -2*h**3 - 107*h**2 - 39*h - 97. List the prime factors of b(-54).
5, 197
Suppose 0 = 82*d - 86*d. Suppose d = -5*g + 1934 - 289. List the prime factors of g.
7, 47
Let v = 18673 + -9526. What are the prime factors of v?
3, 3049
Let x = -1453 + 811. What are the prime factors of 4/(3849/x - -6)?
2, 107
Let x(o) be the third derivative of 0 + 29/6*o**3 + 0*o + 7*o**2 + 1/24*o**4. List the prime factors of x(-16).
13
Suppose 4*l - 19*l + 420 = 0. Suppose -2*j = -4*u + 20, u - 4*u + l = 5*j. Suppose 0 = -u*o + 611 + 385. What are the prime factors of o?
2, 83
Let n(c) = 2*c**2 + c - 7. Let a be n(2). Suppose a*h + 400 = 2*m, 4*h - 147 = 4*m - 943. What are the prime factors of m?
197
Let w(l) be the second derivative of 55*l**3/2 - 3*l**2 + 6*l - 17. What are the prime factors of w(4)?
2, 3, 109
Suppose 23*c - 58*c + 1042019 = -376881. List the prime factors of c.
2, 5, 2027
Suppose 47 = -3*o - 5*s, 5*s - 41 = 5*o + 4*s. Let t be (-12)/o*-3 - 153. Let j = t - -343. List the prime factors of j.
2, 3, 31
Let z = 1813 - -311. Suppose -5*n = -3*v - 9*n + 1593, 4*v = -n + z. List the prime factors of v.
3, 59
Let i = 456 - 458. What are the prime factors of (-12)/8*1*i + 692?
5, 139
Suppose 24 = 4*w - 2*x, 2*w + 3*x = 6*x + 20. Let d be ((24/(-20))/(w/20))/2. What are the prime factors of 86 + d/2*-2?
89
Suppose -28185 = -19*j - 0*j + 484682. What are the prime factors of j?
26993
Let x = 100 - 76. Suppose 9 = -5*k + x, 3*k = -2*u + 221. Suppose n = 5*y - 671, -y + u + 27 = n. What are the prime factors of y?
2, 67
Suppose -9*a - 40802 = -32*a. List the prime factors of a.
2, 887
Suppose -4 = o - 9, -i - o + 1728 = 0. Suppose -x - 3473 = -4*q, q = -q + 5*x + i. List the prime factors of q.
11, 79
Let b(i) = 9*i**3 - 21*i**2 + 6*i + 7. Let r be b(5). Let g = -149 + r. What are the prime factors of g?
2, 61
Let j(c) = 11*c + 10. Let r(l) = 0*l**2 - 343 + 10*l + 336 + l**2. Let p be r(-11). What are the prime factors of j(p)?
2, 3
List the prime factors of (-20)/(-16) + 2/(-12)*2452779/(-6).
2, 11, 19, 163
Let x = 72 + -62. Let z(h) = -2 + 4 - 20*h**2 + h + 9*h**2 + x*h**2 - 105*h**3. List the prime factors of z(-1).
3, 5, 7
Let a(f) be the first derivative of 41*f**3/3 - 5*f**2/2 - f - 13. Let u be a(4). Suppose -3*o - 3*d - 221 = -u, 3*d + 6 = 0. List the prime factors of o.
2, 5, 7
List the prime factors of (-589254)/(-17)*4/8.
3, 53, 109
Suppose 113*i + 20 = 123*i. Suppose -2*h - 5*z + 274 = 0, -i*h - 16*z + 19*z = -274. What are the prime factors of h?
137
Suppose 2*g = 8, -4*d + g = 2104 - 7276. List the prime factors of d.
2, 647
Let t be (-35)/15 + 4/(-6). Let d(h) = -16*h**2 - 12*h + 2. Let i be d(t). Let y = i - -194. What are the prime factors of y?
2, 11
Let z(t) = t**3 + 6*t**2 + 2*t - 13. Let q be z(-5). Let n be (8/2 + -2)/q. List the prime factors of 1 - (1 + 0 - n) - -103.
2, 13
Let x(w) be the third derivative of 193*w**5/60 + w**4/2 - 11*w**3/6 + 3*w**2 - 35. List the prime factors of x(2).
5, 157
Let q be -1 - (0*3/6 - 3). Suppose -3*j = q*m - 7*m - 32, 4*j - 31 = -5*m. Suppose -3 = -4*g + j. List the prime factors of g.
3
Let s be ((-16)/4)/(-1*(3 - 1)). Suppose 0 = -s*g - x + 27, 2*g - 4*x - 12 = 10. Suppose -r + g + 12 = 0. List the prime factors of r.
5
Suppose 82874 = 4*t - 4*f - 101954, -3*f = -4*t + 184828. List the prime factors of t.
7, 23, 41
List the prime factors of 28903*(4/(-3))/(448/(-192)).
2, 4129
Let i = 115 - 55. Let l be (-117)/26*4/6 - -5. Suppose -3*b + b + i = 3*w, -l*w = 2*b - 60. What are the prime factors of b?
2, 3, 5
Suppose -12*p = w - 2*p - 1597, -6344 = -4*w + 4*p. What are the prime factors of w?
3, 23
Suppose 14*q + 74 - 270 = 0. Suppose 2*x = 2*n + 1210, 2455 = 4*x + q*n - 11*n. List the prime factors of x.
2, 5, 61
Let k be (118/3)/(4/90). Let u = k + -438. List the prime factors of u.
3, 149
Suppose -5*p = 2*f - 11 - 87, -196 = -4*f + 4*p. Let o = 152 - f. Suppose -6*t + 7*t - o = 0. List the prime factors of t.
103
Let y(f) = -1. Suppose -x = -5*w + 6, 3*w - w = -x + 1. Let m(u) = -13*u + 7. Let r(n) = x*m(n) - 5*y(n). What a